 -q**3 - 4*q**2 + 2*q. Determine m(-5).
15
Let r(x) = 87*x + 13. What is r(-1)?
-74
Let q(i) = -13*i + 84. Calculate q(7).
-7
Let q(p) = -p**2 - 8*p - 14. Calculate q(-4).
2
Let m(g) = g**2 - 13*g + 29. What is m(4)?
-7
Let d(j) = 7*j - 4. Calculate d(-5).
-39
Let u(v) = v**2 - 5*v + 4. Determine u(3).
-2
Let u(p) = -8*p + 30. Give u(6).
-18
Let j(v) = 2*v**2 + 9*v - 6. Calculate j(-7).
29
Let s(n) = n**2 - 11*n - 15. Give s(9).
-33
Let q(b) = 31*b**2 + 1. Determine q(1).
32
Let l(q) = q**2 + 18*q - 15. Give l(-19).
4
Let f(j) = -j**3 - 6*j**2 - 4*j + 4. Calculate f(-5).
-1
Let w(y) = -5*y + 10. Calculate w(2).
0
Let a(b) = b**3 + 3*b**2 - 6*b - 6. Determine a(-5).
-26
Let h(v) = v**2 - v - 3. Calculate h(-4).
17
Let x(w) = -25*w + 21. Calculate x(5).
-104
Let p(c) = c**3 - 4*c**2 - 5*c + 4. Give p(5).
4
Let l(q) = q**3 + 4*q**2 - q + 2. What is l(-4)?
6
Let w(d) = -2*d**3 + 20*d**2 - 11*d + 3. Determine w(9).
66
Let r(y) = -y**3 + 4*y**2 - 11. Give r(4).
-11
Let r(p) = p**2 + 70. Give r(0).
70
Let f(q) = -q**3 - 47*q**2 + 150*q + 1. What is f(-50)?
1
Let h(y) = -9*y + 86. What is h(9)?
5
Let o(r) = -5*r**2 - 6*r - 3. Give o(-1).
-2
Let k(o) = o**3 + 7*o**2 + 5*o + 1. Give k(-2).
11
Let f(z) = z**3 + 5*z**2 + z - 2. Determine f(-4).
10
Let d(i) = -i**2 + 7*i + 9. What is d(6)?
15
Let g(o) = -29*o**3 + 2*o - 1. Calculate g(1).
-28
Let q(o) = -24*o - 116. Calculate q(-11).
148
Let h(g) = g - 37. Give h(0).
-37
Let f(z) = z**2 - 18*z + 23. Determine f(16).
-9
Let p(q) = 6*q**2 + 48*q - 1. Give p(-8).
-1
Let w(s) = 2*s - 4. Calculate w(-7).
-18
Let c(h) = 3*h**2 - 9*h + 13. Give c(4).
25
Let z(n) = -n**3 + 6*n**2 - 23. What is z(5)?
2
Let v(k) = 14*k + 1. Calculate v(-1).
-13
Let b(l) = l - 8. What is b(0)?
-8
Let l(p) = p + 11. Give l(-10).
1
Let i(a) = -a**2 - 7*a + 1. Determine i(-8).
-7
Let s(r) = -2*r + 4. Determine s(8).
-12
Let c(s) = s**2 + 12*s + 10. Determine c(-11).
-1
Let b(r) = r**2 + 9*r - 4. What is b(-8)?
-12
Let j(n) = -2*n - 51. Give j(-18).
-15
Let i(g) = -g**3 + 9*g**2 - 6*g - 19. Determine i(8).
-3
Let b(r) = 9*r - 8. What is b(1)?
1
Let v(k) = k + 18. Give v(-9).
9
Let j(c) = -2*c**3 + 7*c**2 - 13*c + 66. Determine j(4).
-2
Let c(r) = -27*r + 2. Determine c(2).
-52
Let y(t) = -t**2 + 16*t - 51. Calculate y(11).
4
Let t(n) = 4*n**2 - 3*n - 3. Give t(3).
24
Let f(a) = a**2 + 4*a + 2. Calculate f(-4).
2
Let y(a) = -a**3 + 23*a**2 + 24*a - 6. Calculate y(24).
-6
Let u(y) = 5*y + 34. Give u(-8).
-6
Let m(y) = y**3 + 34*y**2 - 70*y + 48. What is m(-36)?
-24
Let q(l) = l**2 + 5*l - 5. What is q(-5)?
-5
Let g(v) = -4*v - 206. What is g(-50)?
-6
Let l(y) = 5*y - 8. What is l(3)?
7
Let h(a) = -a**3 - 7*a**2 + 2*a + 2. Give h(-7).
-12
Let d(b) = b. Give d(-1).
-1
Let a(j) = -j**2 - 12*j - 10. Calculate a(-12).
-10
Let w(c) = 14*c + 62. Calculate w(-5).
-8
Let n(a) = -2*a. Determine n(-1).
2
Let a(z) = -3*z + 2. Give a(12).
-34
Let d(j) = j**3 - 6*j**2 + 4*j - 15. Determine d(7).
62
Let i(j) = j**3 + j**2 - 8*j + 11. Determine i(-4).
-5
Let w(h) = -h**2 + 57*h + 111. What is w(59)?
-7
Let j(d) = -d**3 - 18*d**2 - 17*d + 42. What is j(-17)?
42
Let f(r) = 3*r**3 + 91*r**2 + 30*r + 4. Determine f(-30).
4
Let v(n) = -11*n - 290. What is v(-28)?
18
Let t(k) = -k**3 - 13*k**2 + 14*k + 7. What is t(-14)?
7
Let s(z) = -z**2 - 11*z - 24. What is s(-7)?
4
Let h(m) = -8*m - 38. Give h(-4).
-6
Let n(w) = 4*w + 10. Determine n(3).
22
Let w(t) = -t**3 + 7*t**2 - 2*t + 10. Give w(7).
-4
Let w(l) = 2*l**2 + 6*l + 4. Determine w(-7).
60
Let x(q) = -q**2 - 12*q - 3. What is x(-11)?
8
Let q(o) = -14*o + 369. Determine q(27).
-9
Let m(i) = 6*i**2 + 44*i + 7. What is m(-7)?
-7
Let o(i) = -i**3 + 9*i**2 - 11*i + 9. What is o(7)?
30
Let n(r) = -6*r + 38. Calculate n(6).
2
Let z(q) = -3*q**2 + 40*q + 34. Calculate z(14).
6
Let x(p) = 3*p - 13. Calculate x(6).
5
Let q(i) = 4*i**3 + i**2 + i. What is q(-1)?
-4
Let j(r) = -r + 3. What is j(-7)?
10
Let r(u) = -2*u - 28. Determine r(-6).
-16
Let u(v) = v**3 - 4*v**2 + 6*v - 5. What is u(4)?
19
Let j(n) = n + 14. Calculate j(-12).
2
Let s(i) = i**3 - 3*i**2 - 4*i + 8. What is s(4)?
8
Let d(a) = 2*a**3 + 4*a**2 - 2*a - 5. Calculate d(-2).
-1
Let o(h) = 6*h + 4. Determine o(1).
10
Let o(b) = 2*b**2 - 10*b. Calculate o(6).
12
Let t(f) = -9*f - 77. Determine t(-6).
-23
Let p(l) = -23*l**3 - 2*l**2 + 9*l + 8. Determine p(-1).
20
Let z(t) = -9*t + 87. What is z(12)?
-21
Let f(t) = t**3 + 23*t**2 - 77*t + 56. What is f(-26)?
30
Let x(a) = -a**3 + 38*a**2 - 73*a + 36. Give x(36).
0
Let f(u) = -22*u**3 - u**2 + 1. What is f(-1)?
22
Let h(o) = -3*o**2 - 19*o. Calculate h(-6).
6
Let d(l) = l**3 - l**2 + 2*l + 4. Calculate d(-2).
-12
Let n(f) = 11*f**2 + 2*f + 2. Determine n(-2).
42
Let v(y) = -y - 12. Calculate v(-7).
-5
Let n(t) = -18*t**2 + 47*t - 48. Calculate n(1).
-19
Let r(x) = -7*x + 2. Give r(-2).
16
Let h(i) = 2*i - 6. Give h(13).
20
Let r(c) = 7*c + 108. Calculate r(-16).
-4
Let m(t) = t**3 + 9*t**2 + 24*t + 22. Determine m(-3).
4
Let p(u) = u**3 + 16*u**2 + 1. Give p(-16).
1
Let y(m) = m + 4. Give y(-13).
-9
Let l(h) = h**2 - 23*h + 8. Give l(23).
8
Let a(w) = w + 7. Determine a(7).
14
Let i(v) = -4*v - 98. Give i(-20).
-18
Let o(f) = 4*f - 34. Calculate o(8).
-2
Let f(g) = -3*g**2 - 11*g - 8. What is f(-7)?
-78
Let r(n) = -n**2 - 6*n - 3. What is r(-5)?
2
Let h(r) = -r + 21. Give h(17).
4
Let l(w) = 2*w**2 + 15*w - 16. What is l(-11)?
61
Let v(s) = -2*s**2 + 22*s + 16. Give v(11).
16
Let t(l) = l**2 - 27*l + 123. What is t(22)?
13
Let y(l) = -l**2 - 8*l + 10. Calculate y(-9).
1
Let y(p) = 13*p. Determine y(2).
26
Let c(o) = -o**3 + 26*o**2 + 26*o + 26. Give c(27).
-1
Let q(j) = -2*j**2 - 3*j + 4. Calculate q(-3).
-5
Let u(d) = -31*d**2 - 3*d + 2. What is u(1)?
-32
Let l(k) = -3*k**2 - k - 6. Determine l(-2).
-16
Let y(o) = -o**2 + 5*o. Give y(6).
-6
Let q(a) = -a**2 + a + 11. Determine q(-3).
-1
Let r(n) = n - 3. Determine r(4).
1
Let g(y) = 12*y + 2. Determine g(-3).
-34
Let m(u) = -u**3 - 9*u**2 + u + 9. Calculate m(-9).
0
Let n(u) = -8*u**2 + 30*u - 4. What is n(4)?
-12
Let k(n) = 3*n**2 - 2*n - 7. What is k(-2)?
9
Let h(k) = -17*k + 277. Calculate h(17).
-12
Let y(t) = 9*t**2 - 67*t - 9. What is y(7)?
-37
Let u(z) = 2*z**2 - 16*z - 35. Calculate u(9).
-17
Let j(f) = -f**2 - 37*f + 584. Determine j(12).
-4
Let i(a) = a**2 - 13*a + 13. Give i(10).
-17
Let o(p) = 4*p**2 - 2*p + 3. Determine o(-1).
9
Let i(q) = 2*q**3 - 17*q**2 - 30*q - 5. Give i(10).
-5
Let c(l) = -4*l**2 + 9*l - 10. What is c(5)?
-65
Let r(x) = 22*x**3 + x**2 - 3*x + 3. What is r(1)?
23
Let a(k) = -k**3 + 2*k**2 + 2*k - 2. What is a(3)?
-5
Let l(t) = -t**3 - 18*t**2 - 53*t + 21. Calculate l(-14).
-21
Let b(h) = -3*h + 38. Give b(14).
-4
Let y(i) = -14*i + 50. Calculate y(3).
8
Let j(v) = -89*v + 26. Determine j(2).
-152
Let n(k) = 3*k**2 - 23*k + 15. Determine n(7).
1
Let a(z) = -5*z**2 - 17*z - 5. Determine a(-4).
-17
Let g(m) = m**3 + 4*m**2 - 23*m - 119. Calculate g(-5).
-29
Let n(f) = 6*f - 35. What is n(5)?
-5
Let n(i) = i + 15. Give n(-13).
2
Let p(l) = l**2 + 5*l - 27. What is p(-10)?
23
Let u(g) = -g**3 + 7*g**2 + 34*g - 47. Determine u(10).
-7
Let y(b) = 43*b - 127. Calculate y(3).
2
Let r(y) = y**3 - 7*y**2 - y + 6. Calculate r(7).
-1
Let t(k) = -2*k**2 - k - 3. Give t(0).
-3
Let m(k) = -k**3 + 24*k**2 - 28*k + 112. Determine m(23).
-3
Let d(z) = 10*z + 205. What is d(-20)?
5
Let m(c) = -25*c**3 + c**2 - c - 1. What is m(1)?
-26
Let q(a) = -a**3 + 11*a**2 - 12*a - 1. Give q(10).
-21
Let f(i) = i**3 + 10*i**2 - 13*i - 22. Determine f(-11).
0
Let o(c) = -c**3 - 18*c**2 - 45*c + 3. Determine o(-15).
3
Let s(r) = 2*r + 1. Calculate s(5).
11
Let d(o) = -o**2 - 17*o - 24. What is d(-14)?
18
Let c(i) = 9*i + 241. Determine c(-28).
-11
Let f(y) = y**3 - 14*y**2 - 31*y + 2. Determine f(16).
18
Let a(b) = b**3 - 12*b**2 + 13*b - 10. What is a(11)?
12
Let c(w) = w**3 - 29*w**2 + 80*w - 56. What is c(26)?
-4
Let c(i) = -i**2 - 10*i + 14. What is c(-13)?
-25
Let h(s) = 2*s - 6. Calculate h(-1).
-8
Let n(x) = 34*x + 2. Give n(2).
70
Let y(z) = -z**3 - z - 1. What is y(-1)?
1
Let x(n) = -2*n**2 + 3*n + 1. Calculate x(-1).
-4
Let s(k) = k + 7. Determine s(-6).
1
Let y(t) = -t**2 + 9*t - 6. Determine y(3).
12
Let r(u) = u**3 + 23*u**2 + 89*u - 23. C